{"id":787,"date":"2022-07-16T09:15:56","date_gmt":"2022-07-16T09:15:56","guid":{"rendered":"https:\/\/nauticatossa.com\/index.php\/instalaciones\/"},"modified":"2025-04-03T11:27:49","modified_gmt":"2025-04-03T11:27:49","slug":"instalaciones","status":"publish","type":"page","link":"https:\/\/nauticatossa.com\/index.php\/instalaciones\/","title":{"rendered":"Instalaciones"},"content":{"rendered":"<p>[et_pb_section fb_built=\u00bb1&#8243; fullwidth=\u00bbon\u00bb _builder_version=\u00bb4.13.1&#8243; _module_preset=\u00bbdefault\u00bb custom_margin=\u00bb||-3px|||\u00bb global_colors_info=\u00bb{}\u00bb][et_pb_fullwidth_slider use_bg_overlay=\u00bboff\u00bb use_text_overlay=\u00bboff\u00bb _builder_version=\u00bb4.13.1&#8243; _module_preset=\u00bbdefault\u00bb width=\u00bb100%\u00bb content_width=\u00bb100%\u00bb height=\u00bb566px\u00bb height_tablet=\u00bb566px\u00bb height_phone=\u00bb566px\u00bb height_last_edited=\u00bbon|phone\u00bb custom_margin=\u00bb||3px|||\u00bb auto=\u00bbon\u00bb auto_speed=\u00bb5222&#8243; global_colors_info=\u00bb{}\u00bb][et_pb_slide _builder_version=\u00bb4.13.1&#8243; _module_preset=\u00bbdefault\u00bb background_image=\u00bbhttps:\/\/nauticatossa.com\/wp-content\/uploads\/2022\/05\/0702d-01-170-miniatura.jpg\u00bb background_enable_image=\u00bbon\u00bb global_colors_info=\u00bb{}\u00bb sticky_transition=\u00bbon\u00bb][\/et_pb_slide][et_pb_slide _builder_version=\u00bb4.13.1&#8243; _module_preset=\u00bbdefault\u00bb background_image=\u00bbhttps:\/\/nauticatossa.com\/wp-content\/uploads\/2022\/05\/0702d-01-149-miniatura.jpg\u00bb background_enable_image=\u00bbon\u00bb global_colors_info=\u00bb{}\u00bb sticky_transition=\u00bbon\u00bb][\/et_pb_slide][et_pb_slide _builder_version=\u00bb4.13.1&#8243; _module_preset=\u00bbdefault\u00bb background_image=\u00bbhttps:\/\/nauticatossa.com\/wp-content\/uploads\/2022\/05\/0702d-01-037-miniatura-r.jpg\u00bb background_enable_image=\u00bbon\u00bb background_position=\u00bbtop_center\u00bb global_colors_info=\u00bb{}\u00bb sticky_transition=\u00bbon\u00bb][\/et_pb_slide][\/et_pb_fullwidth_slider][\/et_pb_section][et_pb_section fb_built=\u00bb1&#8243; fullwidth=\u00bbon\u00bb admin_label=\u00bbHeader Section\u00bb _builder_version=\u00bb4.13.1&#8243; background_color=\u00bbrgba(31,97,173,0.66)\u00bb custom_padding=\u00bb|||\u00bb global_colors_info=\u00bb{}\u00bb][et_pb_fullwidth_header title=\u00bbInstalaciones\u00bb text_orientation=\u00bbcenter\u00bb background_overlay_color=\u00bbrgba(255,255,255,0.83)\u00bb header_image_url=\u00bbhttps:\/\/nauticatossa.com\/wp-content\/uploads\/2025\/02\/p_DSF6742.jpg\u00bb content_max_width_last_edited=\u00bboff|desktop\u00bb admin_label=\u00bbContents\u00bb _builder_version=\u00bb4.13.1&#8243; title_level=\u00bbh2&#8243; title_font=\u00bbOswald|||on|\u00bb title_text_color=\u00bb#000000&#8243; title_font_size=\u00bb80px\u00bb title_letter_spacing=\u00bb0.05em\u00bb title_line_height=\u00bb1.5em\u00bb content_text_color=\u00bb#000000&#8243; content_font_size=\u00bb15px\u00bb subhead_font=\u00bbNunito|600|||||||\u00bb subhead_font_size=\u00bb20px\u00bb subhead_line_height=\u00bb1.9em\u00bb background_enable_color=\u00bboff\u00bb background_image=\u00bbhttps:\/\/nauticatossa.com\/wp-content\/uploads\/2022\/05\/tossa2b.jpg\u00bb parallax=\u00bbon\u00bb parallax_method=\u00bbon\u00bb custom_button_one=\u00bbon\u00bb button_one_text_size=\u00bb15px\u00bb button_one_text_color=\u00bb#ffffff\u00bb button_one_bg_color=\u00bb#dca57d\u00bb button_one_border_width=\u00bb10px\u00bb button_one_border_color=\u00bb#dca57d\u00bb button_one_border_radius=\u00bb0px\u00bb button_one_letter_spacing=\u00bb3px\u00bb button_one_font=\u00bbOswald|||on|\u00bb button_one_use_icon=\u00bboff\u00bb background_layout=\u00bblight\u00bb custom_padding=\u00bb0%||7.5%|||\u00bb animation_style=\u00bbfade\u00bb animation_starting_opacity=\u00bb50%\u00bb animation_speed_curve=\u00bbease-in\u00bb hover_enabled=\u00bb0&#8243; title_font_size_tablet=\u00bb60px\u00bb title_font_size_phone=\u00bb40px\u00bb title_font_size_last_edited=\u00bbon|phone\u00bb button_one_border_color_hover=\u00bb#c99872&#8243; button_one_border_radius_hover=\u00bb0px\u00bb button_one_letter_spacing_hover=\u00bb3px\u00bb button_one_bg_color_hover=\u00bb#c99872&#8243; global_colors_info=\u00bb{}\u00bb button_one_text_size__hover_enabled=\u00bboff\u00bb button_two_text_size__hover_enabled=\u00bboff\u00bb button_one_text_color__hover_enabled=\u00bboff\u00bb button_two_text_color__hover_enabled=\u00bboff\u00bb button_one_border_width__hover_enabled=\u00bboff\u00bb button_two_border_width__hover_enabled=\u00bboff\u00bb button_one_border_color__hover_enabled=\u00bbon\u00bb button_one_border_color__hover=\u00bb#c99872&#8243; button_two_border_color__hover_enabled=\u00bboff\u00bb button_one_border_radius__hover_enabled=\u00bbon\u00bb button_one_border_radius__hover=\u00bb0px\u00bb button_two_border_radius__hover_enabled=\u00bboff\u00bb button_one_letter_spacing__hover_enabled=\u00bbon\u00bb button_one_letter_spacing__hover=\u00bb3px\u00bb button_two_letter_spacing__hover_enabled=\u00bboff\u00bb button_one_bg_color__hover_enabled=\u00bbon\u00bb button_one_bg_color__hover=\u00bb#c99872&#8243; button_two_bg_color__hover_enabled=\u00bboff\u00bb sticky_enabled=\u00bb0&#8243; inline_fonts=\u00bbArial,Raleway\u00bb alt=\u00bbN\u00e0utica Tossa\u00bb title_text=\u00bbN\u00e0utica Tossa\u00bb]<\/p>\n<p style=\"margin-bottom: 0.53cm; line-height: 0.59cm; text-align: center;\"><span style=\"font-family: Raleway; font-size: large; color: #4c4c4c; font-weight: normal;\">En N\u00e0utica Tossa, nos enorgullecemos de nuestras modernas instalaciones, dise\u00f1adas para ofrecerte el mejor servicio en el mundo de la n\u00e1utica. Disponemos de un espacio de exposici\u00f3n de 1.000 m\u00b2 dedicado a mostrar una amplia gama de embarcaciones, donde podr\u00e1s encontrar modelos de diferentes tipos y marcas que se adaptan a tus necesidades y preferencias.<\/span><\/p>\n<p style=\"margin-bottom: 0.53cm; line-height: 0.59cm; text-align: center;\"><span style=\"font-family: Raleway; font-size: large; color: #4c4c4c; font-weight: normal;\">Adem\u00e1s, contamos con m\u00e1s de 3.000 m\u00b2 de taller y almacenamiento, donde nuestro equipo de profesionales trabaja para asegurarte que tu embarcaci\u00f3n est\u00e9 siempre en las mejores condiciones. Nos ocupamos de su mantenimiento, reparaci\u00f3n y personalizaci\u00f3n, garantizando as\u00ed que cada salida al mar sea una experiencia inolvidable.<\/span><\/p>\n<p style=\"margin-bottom: 0.53cm; line-height: 0.59cm; text-align: center;\"><span style=\"font-family: Raleway; font-size: large; color: #4c4c4c; font-weight: normal;\">Ven a descubrir nuestras instalaciones y d\u00e9jate asesorar por nuestros expertos en n\u00e1utica. \u00a1En N\u00e0utica Tossa, tu sue\u00f1o comienza aqu\u00ed!<\/span><\/p>\n<p>[\/et_pb_fullwidth_header][\/et_pb_section][et_pb_section fb_built=\u00bb1&#8243; admin_label=\u00bbBest Beans\u00bb _builder_version=\u00bb3.22&#8243; background_color_gradient_direction=\u00bb90deg\u00bb custom_padding=\u00bb0px|0px|0px|0px\u00bb saved_tabs=\u00bball\u00bb global_colors_info=\u00bb{}\u00bb][\/et_pb_section][et_pb_section fb_built=\u00bb1&#8243; fullwidth=\u00bbon\u00bb _builder_version=\u00bb4.13.1&#8243; _module_preset=\u00bbdefault\u00bb custom_margin=\u00bb-23px||0px||false|false\u00bb custom_padding=\u00bb0px||0px||false|false\u00bb top_divider_color=\u00bb#FFFFFF\u00bb bottom_divider_color=\u00bb#131736&#8243; bottom_divider_height=\u00bb160px\u00bb bottom_divider_repeat=\u00bb1x\u00bb global_colors_info=\u00bb{}\u00bb][et_pb_fullwidth_image title_text=\u00bbp_DSF6701&#8243; _builder_version=\u00bb4.13.1&#8243; _module_preset=\u00bbdefault\u00bb background_image=\u00bbhttps:\/\/nauticatossa.com\/wp-content\/uploads\/2025\/02\/p_DSF6701.jpg\u00bb parallax=\u00bbon\u00bb min_height=\u00bb592.9px\u00bb custom_margin=\u00bb-94px||60px|||\u00bb custom_padding=\u00bb17px||0px|||\u00bb hover_enabled=\u00bb0&#8243; global_colors_info=\u00bb{}\u00bb alt=\u00bbN\u00e0utica Tossa\u00bb sticky_enabled=\u00bb0&#8243;][\/et_pb_fullwidth_image][\/et_pb_section][et_pb_section fb_built=\u00bb1&#8243; _builder_version=\u00bb4.13.1&#8243; min_height=\u00bb329px\u00bb custom_margin=\u00bb2px||-358px|||\u00bb custom_padding=\u00bb0px|0px|0px|0px||\u00bb global_colors_info=\u00bb{}\u00bb][et_pb_row _builder_version=\u00bb3.25&#8243; global_colors_info=\u00bb{}\u00bb][et_pb_column type=\u00bb4_4&#8243; _builder_version=\u00bb3.25&#8243; custom_padding=\u00bb|||\u00bb global_colors_info=\u00bb{}\u00bb custom_padding__hover=\u00bb|||\u00bb][et_pb_text admin_label=\u00bbSection Title\u00bb _builder_version=\u00bb3.27.4&#8243; text_font=\u00bbMontserrat||||||||\u00bb text_font_size=\u00bb18px\u00bb header_font=\u00bb||||||||\u00bb header_line_height=\u00bb1.4em\u00bb header_2_font=\u00bbMontserrat||||||||\u00bb header_2_text_align=\u00bbcenter\u00bb header_2_font_size=\u00bb40px\u00bb header_2_line_height=\u00bb1.5em\u00bb text_orientation=\u00bbcenter\u00bb custom_margin=\u00bb|||\u00bb custom_padding=\u00bb|||\u00bb text_font_size_tablet=\u00bb16px\u00bb text_font_size_phone=\u00bb16px\u00bb text_font_size_last_edited=\u00bbon|desktop\u00bb locked=\u00bboff\u00bb global_colors_info=\u00bb{}\u00bb inline_fonts=\u00bbRaleway\u00bb]<\/p>\n<h2><strong>N\u00c0UTICA TOSSA<\/strong><\/h2>\n<h2><span style=\"font-size: large; font-family: Raleway;\">Todos los servicios, las mejores marcas y los mejores profesionales en plena Costa Brava<\/span><\/h2>\n<p>[\/et_pb_text][\/et_pb_column][\/et_pb_row][\/et_pb_section][et_pb_section fb_built=\u00bb1&#8243; _builder_version=\u00bb3.22&#8243; custom_padding=\u00bb|0px|120px|0px\u00bb global_colors_info=\u00bb{}\u00bb][et_pb_row _builder_version=\u00bb3.25&#8243; global_colors_info=\u00bb{}\u00bb][et_pb_column type=\u00bb4_4&#8243; _builder_version=\u00bb3.25&#8243; custom_padding=\u00bb|||\u00bb global_colors_info=\u00bb{}\u00bb custom_padding__hover=\u00bb|||\u00bb][et_pb_text admin_label=\u00bbSection Title\u00bb _builder_version=\u00bb3.27.4&#8243; text_font=\u00bbMontserrat||||||||\u00bb text_font_size=\u00bb18px\u00bb header_font=\u00bb||||||||\u00bb header_line_height=\u00bb1.4em\u00bb header_2_font=\u00bbMontserrat||||||||\u00bb header_2_text_align=\u00bbcenter\u00bb header_2_font_size=\u00bb40px\u00bb header_2_line_height=\u00bb1.5em\u00bb text_orientation=\u00bbcenter\u00bb custom_margin=\u00bb|||\u00bb custom_padding=\u00bb|||\u00bb text_font_size_tablet=\u00bb16px\u00bb text_font_size_phone=\u00bb16px\u00bb text_font_size_last_edited=\u00bbon|desktop\u00bb locked=\u00bboff\u00bb global_colors_info=\u00bb{}\u00bb][\/et_pb_text][\/et_pb_column][\/et_pb_row][et_pb_row column_structure=\u00bb1_3,1_3,1_3&#8243; admin_label=\u00bbLogos Row\u00bb _builder_version=\u00bb4.13.1&#8243; locked=\u00bboff\u00bb global_colors_info=\u00bb{}\u00bb][et_pb_column type=\u00bb1_3&#8243; _builder_version=\u00bb3.25&#8243; custom_padding=\u00bb|||\u00bb global_colors_info=\u00bb{}\u00bb custom_padding__hover=\u00bb|||\u00bb][et_pb_image src=\u00bbhttps:\/\/nauticatossa.com\/wp-content\/uploads\/2022\/05\/logo-eolo.png\u00bb title_text=\u00bblogo-eolo\u00bb align_tablet=\u00bbcenter\u00bb align_phone=\u00bb\u00bb align_last_edited=\u00bbon|desktop\u00bb _builder_version=\u00bb4.13.1&#8243; animation_style=\u00bbzoom\u00bb animation_intensity_zoom=\u00bb10%\u00bb global_colors_info=\u00bb{}\u00bb]<\/p>\n<p>[\/et_pb_image][\/et_pb_column][et_pb_column type=\u00bb1_3&#8243; _builder_version=\u00bb3.25&#8243; custom_padding=\u00bb|||\u00bb global_colors_info=\u00bb{}\u00bb custom_padding__hover=\u00bb|||\u00bb][et_pb_image src=\u00bbhttps:\/\/nauticatossa.com\/wp-content\/uploads\/2022\/05\/logo-invictus.png\u00bb title_text=\u00bblogo-invictus\u00bb align_tablet=\u00bbcenter\u00bb align_phone=\u00bb\u00bb align_last_edited=\u00bbon|desktop\u00bb _builder_version=\u00bb4.13.1&#8243; animation_style=\u00bbzoom\u00bb animation_intensity_zoom=\u00bb10%\u00bb locked=\u00bboff\u00bb global_colors_info=\u00bb{}\u00bb]<\/p>\n<p>[\/et_pb_image][\/et_pb_column][et_pb_column type=\u00bb1_3&#8243; _builder_version=\u00bb3.25&#8243; custom_padding=\u00bb|||\u00bb global_colors_info=\u00bb{}\u00bb custom_padding__hover=\u00bb|||\u00bb][et_pb_image src=\u00bbhttps:\/\/nauticatossa.com\/wp-content\/uploads\/2022\/05\/logo-marinello.png\u00bb title_text=\u00bblogo-marinello\u00bb align_tablet=\u00bbcenter\u00bb align_phone=\u00bb\u00bb align_last_edited=\u00bbon|desktop\u00bb _builder_version=\u00bb4.13.1&#8243; animation_style=\u00bbzoom\u00bb animation_intensity_zoom=\u00bb10%\u00bb locked=\u00bboff\u00bb global_colors_info=\u00bb{}\u00bb]<\/p>\n<p>[\/et_pb_image][\/et_pb_column][\/et_pb_row][et_pb_row column_structure=\u00bb1_3,1_3,1_3&#8243; admin_label=\u00bbLogos Row\u00bb _builder_version=\u00bb4.13.1&#8243; locked=\u00bboff\u00bb global_colors_info=\u00bb{}\u00bb][et_pb_column type=\u00bb1_3&#8243; _builder_version=\u00bb3.25&#8243; custom_padding=\u00bb|||\u00bb global_colors_info=\u00bb{}\u00bb custom_padding__hover=\u00bb|||\u00bb][et_pb_image src=\u00bbhttps:\/\/nauticatossa.com\/wp-content\/uploads\/2022\/05\/logo-chaparral.png\u00bb title_text=\u00bblogo-chaparral\u00bb align_tablet=\u00bbcenter\u00bb align_phone=\u00bb\u00bb align_last_edited=\u00bbon|desktop\u00bb _builder_version=\u00bb4.13.1&#8243; animation_style=\u00bbzoom\u00bb animation_intensity_zoom=\u00bb10%\u00bb locked=\u00bboff\u00bb global_colors_info=\u00bb{}\u00bb]<\/p>\n<p>[\/et_pb_image][\/et_pb_column][et_pb_column type=\u00bb1_3&#8243; _builder_version=\u00bb3.25&#8243; custom_padding=\u00bb|||\u00bb global_colors_info=\u00bb{}\u00bb custom_padding__hover=\u00bb|||\u00bb][et_pb_image src=\u00bbhttps:\/\/nauticatossa.com\/wp-content\/uploads\/2022\/05\/logo-bwa.png\u00bb title_text=\u00bblogo-bwa\u00bb align_tablet=\u00bbcenter\u00bb align_phone=\u00bb\u00bb align_last_edited=\u00bbon|desktop\u00bb _builder_version=\u00bb4.13.1&#8243; animation_style=\u00bbzoom\u00bb animation_intensity_zoom=\u00bb10%\u00bb locked=\u00bboff\u00bb global_colors_info=\u00bb{}\u00bb]<\/p>\n<p>[\/et_pb_image][\/et_pb_column][et_pb_column type=\u00bb1_3&#8243; _builder_version=\u00bb3.25&#8243; custom_padding=\u00bb|||\u00bb global_colors_info=\u00bb{}\u00bb custom_padding__hover=\u00bb|||\u00bb][et_pb_image src=\u00bbhttps:\/\/nauticatossa.com\/wp-content\/uploads\/2022\/05\/logo-MV.png\u00bb title_text=\u00bblogo-MV\u00bb align_tablet=\u00bbcenter\u00bb align_phone=\u00bb\u00bb align_last_edited=\u00bbon|desktop\u00bb _builder_version=\u00bb4.13.1&#8243; animation_style=\u00bbzoom\u00bb animation_intensity_zoom=\u00bb10%\u00bb global_colors_info=\u00bb{}\u00bb]<\/p>\n<p>[\/et_pb_image][\/et_pb_column][\/et_pb_row][et_pb_row column_structure=\u00bb1_3,1_3,1_3&#8243; admin_label=\u00bbLogos Row\u00bb _builder_version=\u00bb4.13.1&#8243; locked=\u00bboff\u00bb global_colors_info=\u00bb{}\u00bb][et_pb_column type=\u00bb1_3&#8243; _builder_version=\u00bb3.25&#8243; custom_padding=\u00bb|||\u00bb global_colors_info=\u00bb{}\u00bb custom_padding__hover=\u00bb|||\u00bb][et_pb_image src=\u00bbhttps:\/\/nauticatossa.com\/wp-content\/uploads\/2022\/05\/logo-suzuki.png\u00bb title_text=\u00bblogo-suzuki\u00bb align_tablet=\u00bbcenter\u00bb align_phone=\u00bb\u00bb align_last_edited=\u00bbon|desktop\u00bb _builder_version=\u00bb4.13.1&#8243; animation_style=\u00bbzoom\u00bb animation_intensity_zoom=\u00bb10%\u00bb locked=\u00bboff\u00bb global_colors_info=\u00bb{}\u00bb]<\/p>\n<p>[\/et_pb_image][\/et_pb_column][et_pb_column type=\u00bb1_3&#8243; _builder_version=\u00bb3.25&#8243; custom_padding=\u00bb|||\u00bb global_colors_info=\u00bb{}\u00bb custom_padding__hover=\u00bb|||\u00bb][et_pb_image src=\u00bbhttps:\/\/nauticatossa.com\/wp-content\/uploads\/2022\/05\/logo-evinrude.png\u00bb title_text=\u00bblogo-evinrude\u00bb align_tablet=\u00bbcenter\u00bb align_phone=\u00bb\u00bb align_last_edited=\u00bbon|desktop\u00bb _builder_version=\u00bb4.13.1&#8243; animation_style=\u00bbzoom\u00bb animation_intensity_zoom=\u00bb10%\u00bb locked=\u00bboff\u00bb global_colors_info=\u00bb{}\u00bb]<\/p>\n<p>[\/et_pb_image][\/et_pb_column][et_pb_column type=\u00bb1_3&#8243; _builder_version=\u00bb3.25&#8243; custom_padding=\u00bb|||\u00bb global_colors_info=\u00bb{}\u00bb custom_padding__hover=\u00bb|||\u00bb][et_pb_image src=\u00bbhttps:\/\/nauticatossa.com\/wp-content\/uploads\/2022\/05\/logo-volvo.png\u00bb title_text=\u00bblogo-volvo\u00bb align_tablet=\u00bbcenter\u00bb align_phone=\u00bb\u00bb align_last_edited=\u00bbon|desktop\u00bb _builder_version=\u00bb4.13.1&#8243; animation_style=\u00bbzoom\u00bb animation_intensity_zoom=\u00bb10%\u00bb locked=\u00bboff\u00bb global_colors_info=\u00bb{}\u00bb]<\/p>\n<p>[\/et_pb_image][\/et_pb_column][\/et_pb_row][\/et_pb_section][et_pb_section fb_built=\u00bb1&#8243; fullwidth=\u00bbon\u00bb _builder_version=\u00bb4.13.1&#8243; _module_preset=\u00bbdefault\u00bb global_colors_info=\u00bb{}\u00bb][\/et_pb_section][et_pb_section fb_built=\u00bb1&#8243; fullwidth=\u00bbon\u00bb _builder_version=\u00bb4.13.1&#8243; _module_preset=\u00bbdefault\u00bb custom_margin=\u00bb-20px||-46px||false|false\u00bb custom_padding=\u00bb0px||0px||false|false\u00bb top_divider_style=\u00bbarrow3&#8243; top_divider_color=\u00bb#FFFFFF\u00bb bottom_divider_style=\u00bbarrow3&#8243; bottom_divider_color=\u00bb#131736&#8243; bottom_divider_height=\u00bb160px\u00bb bottom_divider_repeat=\u00bb1x\u00bb global_colors_info=\u00bb{}\u00bb][et_pb_fullwidth_image title_text=\u00bbN\u00e0utica Tossa\u00bb _builder_version=\u00bb4.13.1&#8243; _module_preset=\u00bbdefault\u00bb background_image=\u00bbhttps:\/\/nauticatossa.com\/wp-content\/uploads\/2025\/02\/2p_DSF6769.jpg\u00bb parallax=\u00bbon\u00bb min_height=\u00bb439.9px\u00bb custom_margin=\u00bb-135px|||||\u00bb custom_padding=\u00bb17px||0px|||\u00bb hover_enabled=\u00bb0&#8243; global_colors_info=\u00bb{}\u00bb alt=\u00bbN\u00e0utica Tossa\u00bb sticky_enabled=\u00bb0&#8243;][\/et_pb_fullwidth_image][\/et_pb_section]<\/p>\n","protected":false},"excerpt":{"rendered":"<p>En N\u00e0utica Tossa, nos enorgullecemos de nuestras modernas instalaciones, dise\u00f1adas para ofrecerte el mejor servicio en el mundo de la n\u00e1utica. Disponemos de un espacio de exposici\u00f3n de 1.000 m\u00b2 dedicado a mostrar una amplia gama de embarcaciones, donde podr\u00e1s encontrar modelos de diferentes tipos y marcas que se adaptan a tus necesidades y preferencias. [&hellip;]<\/p>\n","protected":false},"author":1,"featured_media":0,"parent":0,"menu_order":0,"comment_status":"closed","ping_status":"closed","template":"","meta":{"_et_pb_use_builder":"on","_et_pb_old_content":"","_et_gb_content_width":""},"yoast_head":"<!-- This site is optimized with the Yoast SEO plugin v18.7 - https:\/\/yoast.com\/wordpress\/plugins\/seo\/ -->\n<title>Instalaciones - N\u00e0utica Tossa<\/title>\n<meta name=\"robots\" content=\"index, follow, max-snippet:-1, max-image-preview:large, max-video-preview:-1\" \/>\n<link rel=\"canonical\" href=\"https:\/\/nauticatossa.com\/index.php\/instalaciones\/\" \/>\n<meta property=\"og:locale\" content=\"es_ES\" \/>\n<meta property=\"og:type\" content=\"article\" \/>\n<meta property=\"og:title\" content=\"Instalaciones - N\u00e0utica Tossa\" \/>\n<meta property=\"og:description\" content=\"En N\u00e0utica Tossa, nos enorgullecemos de nuestras modernas instalaciones, dise\u00f1adas para ofrecerte el mejor servicio en el mundo de la n\u00e1utica. Disponemos de un espacio de exposici\u00f3n de 1.000 m\u00b2 dedicado a mostrar una amplia gama de embarcaciones, donde podr\u00e1s encontrar modelos de diferentes tipos y marcas que se adaptan a tus necesidades y preferencias. [&hellip;]\" \/>\n<meta property=\"og:url\" content=\"https:\/\/nauticatossa.com\/index.php\/instalaciones\/\" \/>\n<meta property=\"og:site_name\" content=\"N\u00e0utica Tossa\" \/>\n<meta property=\"article:publisher\" content=\"https:\/\/www.facebook.com\/people\/Nautica-Tossa\/61561978077478\/\" \/>\n<meta property=\"article:modified_time\" content=\"2025-04-03T11:27:49+00:00\" \/>\n<meta name=\"twitter:card\" content=\"summary_large_image\" \/>\n<meta name=\"twitter:label1\" content=\"Tiempo de lectura\" \/>\n\t<meta name=\"twitter:data1\" content=\"9 minutos\" \/>\n<script type=\"application\/ld+json\" class=\"yoast-schema-graph\">{\"@context\":\"https:\/\/schema.org\",\"@graph\":[{\"@type\":\"WebSite\",\"@id\":\"https:\/\/nauticatossa.com\/#website\",\"url\":\"https:\/\/nauticatossa.com\/\",\"name\":\"N\u00e0utica Tossa\",\"description\":\"Embarcacions noves i d&#039;ocasi\u00f3. Costa Brava\",\"potentialAction\":[{\"@type\":\"SearchAction\",\"target\":{\"@type\":\"EntryPoint\",\"urlTemplate\":\"https:\/\/nauticatossa.com\/?s={search_term_string}\"},\"query-input\":\"required name=search_term_string\"}],\"inLanguage\":\"es\"},{\"@type\":\"WebPage\",\"@id\":\"https:\/\/nauticatossa.com\/index.php\/instalaciones\/#webpage\",\"url\":\"https:\/\/nauticatossa.com\/index.php\/instalaciones\/\",\"name\":\"Instalaciones - N\u00e0utica Tossa\",\"isPartOf\":{\"@id\":\"https:\/\/nauticatossa.com\/#website\"},\"datePublished\":\"2022-07-16T09:15:56+00:00\",\"dateModified\":\"2025-04-03T11:27:49+00:00\",\"breadcrumb\":{\"@id\":\"https:\/\/nauticatossa.com\/index.php\/instalaciones\/#breadcrumb\"},\"inLanguage\":\"es\",\"potentialAction\":[{\"@type\":\"ReadAction\",\"target\":[\"https:\/\/nauticatossa.com\/index.php\/instalaciones\/\"]}]},{\"@type\":\"BreadcrumbList\",\"@id\":\"https:\/\/nauticatossa.com\/index.php\/instalaciones\/#breadcrumb\",\"itemListElement\":[{\"@type\":\"ListItem\",\"position\":1,\"name\":\"Home\",\"item\":\"https:\/\/nauticatossa.com\/\"},{\"@type\":\"ListItem\",\"position\":2,\"name\":\"Instalaciones\"}]}]}<\/script>\n<!-- \/ Yoast SEO plugin. -->","yoast_head_json":{"title":"Instalaciones - N\u00e0utica Tossa","robots":{"index":"index","follow":"follow","max-snippet":"max-snippet:-1","max-image-preview":"max-image-preview:large","max-video-preview":"max-video-preview:-1"},"canonical":"https:\/\/nauticatossa.com\/index.php\/instalaciones\/","og_locale":"es_ES","og_type":"article","og_title":"Instalaciones - N\u00e0utica Tossa","og_description":"En N\u00e0utica Tossa, nos enorgullecemos de nuestras modernas instalaciones, dise\u00f1adas para ofrecerte el mejor servicio en el mundo de la n\u00e1utica. Disponemos de un espacio de exposici\u00f3n de 1.000 m\u00b2 dedicado a mostrar una amplia gama de embarcaciones, donde podr\u00e1s encontrar modelos de diferentes tipos y marcas que se adaptan a tus necesidades y preferencias. [&hellip;]","og_url":"https:\/\/nauticatossa.com\/index.php\/instalaciones\/","og_site_name":"N\u00e0utica Tossa","article_publisher":"https:\/\/www.facebook.com\/people\/Nautica-Tossa\/61561978077478\/","article_modified_time":"2025-04-03T11:27:49+00:00","twitter_card":"summary_large_image","twitter_misc":{"Tiempo de lectura":"9 minutos"},"schema":{"@context":"https:\/\/schema.org","@graph":[{"@type":"WebSite","@id":"https:\/\/nauticatossa.com\/#website","url":"https:\/\/nauticatossa.com\/","name":"N\u00e0utica Tossa","description":"Embarcacions noves i d&#039;ocasi\u00f3. Costa Brava","potentialAction":[{"@type":"SearchAction","target":{"@type":"EntryPoint","urlTemplate":"https:\/\/nauticatossa.com\/?s={search_term_string}"},"query-input":"required name=search_term_string"}],"inLanguage":"es"},{"@type":"WebPage","@id":"https:\/\/nauticatossa.com\/index.php\/instalaciones\/#webpage","url":"https:\/\/nauticatossa.com\/index.php\/instalaciones\/","name":"Instalaciones - N\u00e0utica Tossa","isPartOf":{"@id":"https:\/\/nauticatossa.com\/#website"},"datePublished":"2022-07-16T09:15:56+00:00","dateModified":"2025-04-03T11:27:49+00:00","breadcrumb":{"@id":"https:\/\/nauticatossa.com\/index.php\/instalaciones\/#breadcrumb"},"inLanguage":"es","potentialAction":[{"@type":"ReadAction","target":["https:\/\/nauticatossa.com\/index.php\/instalaciones\/"]}]},{"@type":"BreadcrumbList","@id":"https:\/\/nauticatossa.com\/index.php\/instalaciones\/#breadcrumb","itemListElement":[{"@type":"ListItem","position":1,"name":"Home","item":"https:\/\/nauticatossa.com\/"},{"@type":"ListItem","position":2,"name":"Instalaciones"}]}]}},"_links":{"self":[{"href":"https:\/\/nauticatossa.com\/index.php\/wp-json\/wp\/v2\/pages\/787"}],"collection":[{"href":"https:\/\/nauticatossa.com\/index.php\/wp-json\/wp\/v2\/pages"}],"about":[{"href":"https:\/\/nauticatossa.com\/index.php\/wp-json\/wp\/v2\/types\/page"}],"author":[{"embeddable":true,"href":"https:\/\/nauticatossa.com\/index.php\/wp-json\/wp\/v2\/users\/1"}],"replies":[{"embeddable":true,"href":"https:\/\/nauticatossa.com\/index.php\/wp-json\/wp\/v2\/comments?post=787"}],"version-history":[{"count":4,"href":"https:\/\/nauticatossa.com\/index.php\/wp-json\/wp\/v2\/pages\/787\/revisions"}],"predecessor-version":[{"id":1298,"href":"https:\/\/nauticatossa.com\/index.php\/wp-json\/wp\/v2\/pages\/787\/revisions\/1298"}],"wp:attachment":[{"href":"https:\/\/nauticatossa.com\/index.php\/wp-json\/wp\/v2\/media?parent=787"}],"curies":[{"name":"wp","href":"https:\/\/api.w.org\/{rel}","templated":true}]}}